nder when 1438 is divided by 103?
99
Calculate the remainder when 132 is divided by 37.
21
Calculate the remainder when 160 is divided by 27.
25
Calculate the remainder when 57 is divided by 21.
15
What is the remainder when 406 is divided by 141?
124
Calculate the remainder when 8104 is divided by 131.
113
What is the remainder when 63 is divided by 32?
31
What is the remainder when 129 is divided by 33?
30
Calculate the remainder when 911 is divided by 303.
2
Calculate the remainder when 388 is divided by 78.
76
What is the remainder when 342 is divided by 43?
41
What is the remainder when 374 is divided by 107?
53
Calculate the remainder when 81 is divided by 40.
1
Calculate the remainder when 1379 is divided by 202.
167
What is the remainder when 2981 is divided by 142?
141
Calculate the remainder when 517 is divided by 10.
7
What is the remainder when 48 is divided by 18?
12
Calculate the remainder when 2835 is divided by 22.
19
Calculate the remainder when 16007 is divided by 138.
137
What is the remainder when 320 is divided by 77?
12
Calculate the remainder when 734 is divided by 49.
48
Calculate the remainder when 9940 is divided by 44.
40
Calculate the remainder when 1378 is divided by 77.
69
What is the remainder when 327 is divided by 11?
8
Calculate the remainder when 414 is divided by 95.
34
Calculate the remainder when 584 is divided by 19.
14
Calculate the remainder when 698 is divided by 35.
33
Calculate the remainder when 184 is divided by 14.
2
Calculate the remainder when 15857 is divided by 5282.
11
What is the remainder when 175 is divided by 90?
85
What is the remainder when 1508 is divided by 216?
212
Calculate the remainder when 159 is divided by 53.
0
What is the remainder when 11 is divided by 7?
4
Calculate the remainder when 175 is divided by 45.
40
Calculate the remainder when 309 is divided by 62.
61
What is the remainder when 142 is divided by 29?
26
Calculate the remainder when 78 is divided by 19.
2
What is the remainder when 337 is divided by 97?
46
What is the remainder when 7364 is divided by 15?
14
Calculate the remainder when 4506 is divided by 2249.
8
What is the remainder when 340 is divided by 57?
55
Calculate the remainder when 791 is divided by 160.
151
What is the remainder when 86 is divided by 58?
28
What is the remainder when 789 is divided by 17?
7
Calculate the remainder when 304 is divided by 61.
60
What is the remainder when 294 is divided by 60?
54
Calculate the remainder when 150 is divided by 38.
36
Calculate the remainder when 187 is divided by 22.
11
What is the remainder when 156 is divided by 82?
74
Calculate the remainder when 4643 is divided by 166.
161
Calculate the remainder when 472 is divided by 79.
77
Calculate the remainder when 44 is divided by 41.
3
Calculate the remainder when 139 is divided by 35.
34
Calculate the remainder when 73 is divided by 20.
13
Calculate the remainder when 281 is divided by 46.
5
Calculate the remainder when 272 is divided by 39.
38
What is the remainder when 62 is divided by 19?
5
Calculate the remainder when 2422 is divided by 12.
10
What is the remainder when 4958 is divided by 20?
18
Calculate the remainder when 388 is divided by 74.
18
What is the remainder when 1028 is divided by 69?
62
Calculate the remainder when 103 is divided by 37.
29
Calculate the remainder when 5697 is divided by 1422.
9
Calculate the remainder when 265 is divided by 7.
6
What is the remainder when 10794 is divided by 9?
3
Calculate the remainder when 118 is divided by 26.
14
Calculate the remainder when 1145 is divided by 172.
113
Calculate the remainder when 2073 is divided by 234.
201
Calculate the remainder when 897 is divided by 112.
1
What is the remainder when 76 is divided by 22?
10
What is the remainder when 96 is divided by 21?
12
Calculate the remainder when 209 is divided by 44.
33
What is the remainder when 149 is divided by 6?
5
What is the remainder when 3378 is divided by 94?
88
Calculate the remainder when 314 is divided by 19.
10
Calculate the remainder when 56 is divided by 29.
27
Calculate the remainder when 105 is divided by 37.
31
Calculate the remainder when 1382 is divided by 66.
62
What is the remainder when 3331 is divided by 145?
141
What is the remainder when 356 is divided by 36?
32
Calculate the remainder when 4636 is divided by 58.
54
What is the remainder when 3377 is divided by 24?
17
Calculate the remainder when 510 is divided by 167.
9
Calculate the remainder when 81 is divided by 15.
6
Calculate the remainder when 145 is divided by 80.
65
What is the remainder when 403 is divided by 7?
4
What is the remainder when 244 is divided by 142?
102
What is the remainder when 280 is divided by 7?
0
What is the remainder when 1534 is divided by 57?
52
What is the remainder when 299 is divided by 136?
27
Calculate the remainder when 1360 is divided by 670.
20
What is the remainder when 950 is divided by 61?
35
Calculate the remainder when 1355 is divided by 28.
11
Calculate the remainder when 4139 is divided by 109.
106
Calculate the remainder when 1374 is divided by 81.
78
Calculate the remainder when 338 is divided by 11.
8
Calculate the remainder when 298 is divided by 20.
18
Calculate the remainder when 1150 is divided by 227.
15
Calculate the remainder when 595 is divided by 245.
105
What is the remainder when 549 is divided by 96?
69
What is the remainder when 71 is divided by 40?
31
What is the remainder when 80 is divided by 9?
8
What is the remainder when 296 is divided by 194?
102
Calculate the remainder when 1500 is divided by 56.
44
Calculate the remainder when 7731 is divided by 2577.
0
What is the remainder when 73488 is divided by 51?
48
What is the remainder when 70 is divided by 58?
12
What is the remainder when 1297 is divided by 472?
353
Calculate the remainder when 20991 is divided by 128.
127
What is the remainder when 673 is divided by 9?
7
Calculate the remainder when 243 is divided by 16.
3
Calculate the remainder when 16685 is divided by 11.
9
Calculate the remainder when 24 is divided by 2.
0
What is the remainder when 803 is divided by 775?
28
What is the remainder when 47 is divided by 9?
2
Calculate the remainder when 2534 is divided by 152.
102
Calculate the remainder when 202 is divided by 147.
55
Calculate the remainder when 2622 is divided by 645.
42
What is the remainder when 342 is divided by 15?
12
Calculate the remainder when 2398 is divided by 375.
148
What is the remainder when 273 is divided by 91?
0
What is the remainder when 262 is divided by 174?
88
What is the remainder when 2689 is divided by 672?
1
What is the remainder when 1310 is divided by 23?
22
What is the remainder when 27 is divided by 14?
13
Calculate the remainder when 120 is divided by 26.
16
Calculate the remainder when 140 is divided by 42.
14
Calculate the remainder when 156 is divided by 32.
28
What is the remainder when 204 is divided by 42?
36
Calculate the remainder when 8879 is divided by 83.
81
What is the remainder when 24 is divided by 22?
2
Calculate the remainder when 18 is divided by 12.
6
Calculate the remainder when 1914 is divided by 237.
18
Calculate the remainder when 812 is divided by 26.
6
Calculate the remainder when 282 is divided by 48.
42
What is the remainder when 106 is divided by 15?
1
Calculate the remainder when 148 is divided by 16.
4
Calculate the remainder when 2813 is divided by 32.
29
Calculate the remainder when 587 is divided by 31.
29
What is the remainder when 264 is divided by 54?
48
Calculate the remainder when 1128 is divided by 5.
3
Calculate the remainder when 138 is divided by 17.
2
What is the remainder when 410 is divided by 24?
2
What is the remainder when 365 is divided by 301?
64
Calculate the remainder when 2064 is divided by 173.
161
What is the remainder when 1076 is divided by 176?
20
Calculate the remainder when 908 is divided by 7.
5
What is the remainder when 1557 is divided by 308?
17
Calculate the remainder when 60 is divided by 25.
10
What is the remainder when 43 is divided by 21?
1
Calculate the remainder when 711 is divided by 74.
45
Calculate the remainder when 130 is divided by 9.
4
What is the remainder when 213 is divided by 18?
15
Calculate the remainder when 170 is d